{"id":7023,"date":"2021-05-26T08:58:28","date_gmt":"2021-05-26T06:58:28","guid":{"rendered":"https:\/\/transbud-wulkan.pl\/?page_id=7023"},"modified":"2023-06-19T19:36:21","modified_gmt":"2023-06-19T17:36:21","slug":"utylizacja-odpadow","status":"publish","type":"page","link":"https:\/\/transbud-wulkan.pl\/index.php\/utylizacja-odpadow\/","title":{"rendered":"Utylizacja odpad\u00f3w"},"content":{"rendered":"<p>[vc_row row_btt_skin=&#8221;light&#8221; row_background_text_position=&#8221;front&#8221;][vc_column][vc_column_text]<\/p>\n<h3><span style=\"color: #000080;\">UTYLIZACJA ODPAD\u00d3W<\/span><\/h3>\n<p>[\/vc_column_text][\/vc_column][\/vc_row][vc_row row_btt_skin=&#8221;light&#8221; row_background_text_position=&#8221;front&#8221;][vc_column][vc_empty_space][vc_column_text]<span style=\"color: #333333;\">Utylizujemy odpady z rozbi\u00f3rek i remont\u00f3w obiekt\u00f3w. Oferujemy gospodark\u0119 odpadami z wydobywania kopalni, jak i powstaj\u0105ce przy ich p\u0142ukaniu i oczyszczaniu. Przyjmujemy odpady niebezpieczne, jak r\u00f3wnie\u017c ziemi\u0119 z wykop\u00f3w. Posiadamy stosowne dokumenty zezwalaj\u0105ce na utylizacj\u0119 wszystkich odpad\u00f3w.<\/span>[\/vc_column_text][vc_empty_space][\/vc_column][\/vc_row][vc_row row_btt_skin=&#8221;light&#8221; row_background_text_position=&#8221;front&#8221;][vc_column][vc_column_text]<span style=\"color: #333333;\">Informujemy r\u00f3wnie\u017c ,i\u017c posiadamy wymagane decyzje na wytworzenie i odzysk odpad\u00f3w okre\u015blone przepisami. Prowadzimy pe\u0142n\u0105 dokumentacj\u0119 przej\u0119cia odpadu &#8211; karty przekazania oraz zbiorcze zestawienia.<\/span>[\/vc_column_text][vc_empty_space][\/vc_column][\/vc_row][vc_row row_btt_skin=&#8221;light&#8221; row_background_text_position=&#8221;front&#8221;][vc_column][vc_column_text]<a href=\"https:\/\/transbud-wulkan.pl\/wp-content\/uploads\/2023\/04\/Decyzja-na-przetwarzanie-Mierzecice-decyzja-Starosty-Bedzinskiego-z-dn.-03.03.2023.pdf\"><span style=\"color: #000000;\">Decyzja na przetwarzanie Mierz\u0119cice &#8211; decyzja Starosty B\u0119dzi\u0144skiego z dn. 03.03.2023 KLIKNIJ)<\/span><\/a><\/p>\n<p><a href=\"https:\/\/transbud-wulkan.pl\/wp-content\/uploads\/2022\/01\/Decyzja-nr-4521.OS_.2021.pdf\">DECYZJA PREZYDENTA MIASTA W SPRAWIE ZEZWOLENIA NA PRZETWARZANIE ODPAD\u00d3W (KLIKNIJ)<\/a><\/p>\n<p><a href=\"https:\/\/transbud-wulkan.pl\/wp-content\/uploads\/2021\/05\/Decyzja-412.OS_.2018.pdf\" target=\"_blank\" rel=\"noopener\"><span style=\"color: #333333;\">Decyzja 412.OS.2018<\/span><\/a><\/p>\n<p><a href=\"https:\/\/transbud-wulkan.pl\/wp-content\/uploads\/2021\/05\/Decyzja-nr-1943.OS_.2015.pdf\" target=\"_blank\" rel=\"noopener\"><span style=\"color: #333333;\">Decyzja nr 1943.OS.2015<\/span><\/a><\/p>\n<p><a href=\"https:\/\/transbud-wulkan.pl\/wp-content\/uploads\/2021\/05\/Decyzja_na_odzysk_i_zbieranie_odpadow_28.11.2013.pdf\" target=\"_blank\" rel=\"noopener\"><span style=\"color: #333333;\">Decyzja_na_odzysk_i_zbieranie_odpad\u00f3w_28.11.2013<\/span><\/a><\/p>\n<p><a href=\"https:\/\/transbud-wulkan.pl\/wp-content\/uploads\/2021\/05\/Decyzja_na_przetwarzanie_odpadow_Bytom_30_04_2015.pdf\" target=\"_blank\" rel=\"noopener\"><span style=\"color: #333333;\">Decyzja_na_przetwarzanie_odpad\u00f3w_Bytom_30_04_2015<\/span><\/a><\/p>\n<p><a href=\"https:\/\/transbud-wulkan.pl\/wp-content\/uploads\/2021\/05\/Decyzja_na_przetwarzanie_odpadow_poza_instalacjami_i_urzadzeniami_i_zbieranie_odpadow_26_06_2015.pdf\" target=\"_blank\" rel=\"noopener\"><span style=\"color: #333333;\">Decyzja_na_przetwarzanie_odpad\u00f3w_poza_instalacjami_i_urz\u0105dzeniami_i_zbieranie_odpad\u00f3w_26_06_2015<\/span><\/a><\/p>\n<p><a href=\"https:\/\/transbud-wulkan.pl\/wp-content\/uploads\/2021\/05\/Decyzja_na_transport_odpadow_-_rozszerzenie_18.10.2013.pdf\" target=\"_blank\" rel=\"noopener\"><span style=\"color: #333333;\">Decyzja_na_transport_odpad\u00f3w_-_rozszerzenie_18.10.2013<\/span><\/a><\/p>\n<p><a href=\"https:\/\/transbud-wulkan.pl\/wp-content\/uploads\/2021\/05\/Decyzja_na_wydobywanie_odpadow_Katowice_27_09_2013.pdf\" target=\"_blank\" rel=\"noopener\"><span style=\"color: #333333;\">Decyzja_na_wydobywanie_odpad\u00f3w_Katowice_27_09_2013<\/span><\/a>[\/vc_column_text][vc_empty_space][\/vc_column][\/vc_row][vc_row row_btt_skin=&#8221;light&#8221; row_background_text_position=&#8221;front&#8221;][vc_column][vc_column_text]<\/p>\n<p style=\"text-align: center;\"><strong>Rodzaje odpad\u00f3w przewidziane do przetwarzania Bytom<\/strong><\/p>\n<p>&nbsp;<\/p>\n<table width=\"643\">\n<tbody>\n<tr>\n<td width=\"30\">Lp.<\/td>\n<td width=\"95\">Kod odpadu<\/td>\n<td width=\"412\">Rodzaj odpadu<\/td>\n<td width=\"106\">Ilo\u015b\u0107 [Mg\/rok]<\/td>\n<\/tr>\n<tr>\n<td width=\"30\">1<\/td>\n<td width=\"95\">ex 01 01 02<\/td>\n<td width=\"412\">Sta\u0142e odpady z wydobywania kopalin innych ni\u017c rudy metali<\/td>\n<td width=\"106\">40 000<\/td>\n<\/tr>\n<tr>\n<td width=\"30\">2<\/td>\n<td width=\"95\">01 01 02<\/td>\n<td width=\"412\">Odpady z wydobywania kopalin innych ni\u017c rudy metali<\/td>\n<td width=\"106\"><strong>800 000,00<\/strong><\/td>\n<\/tr>\n<tr>\n<td width=\"30\">3<\/td>\n<td width=\"95\">01 01 80<\/td>\n<td width=\"412\">Odpady skalne z g\u00f3rnictwa miedzi, cynku i o\u0142owiu<\/td>\n<td width=\"106\">40 000<\/td>\n<\/tr>\n<tr>\n<td width=\"30\">4<\/td>\n<td width=\"95\">ex 01 03 81<\/td>\n<td width=\"412\">Sta\u0142e odpady z flotacyjnego wzbogacania rud metali nie\u017celaznych inne ni\u017c wymienione w 01 03 80<\/td>\n<td width=\"106\">40 000<\/td>\n<\/tr>\n<tr>\n<td rowspan=\"2\" width=\"30\">5<\/td>\n<td rowspan=\"2\" width=\"95\">01 04 08<\/td>\n<td rowspan=\"2\" width=\"412\">Odpady \u017cwiru lub skruszone ska\u0142y inne ni\u017c wymienione w 01 04 07<\/td>\n<td width=\"106\">40 000<\/td>\n<\/tr>\n<tr>\n<td width=\"106\"><strong>100 000,00<\/strong><\/td>\n<\/tr>\n<tr>\n<td rowspan=\"2\" width=\"30\">6<\/td>\n<td rowspan=\"2\" width=\"95\">01 04 09<\/td>\n<td rowspan=\"2\" width=\"412\">Odpadowe piaski i i\u0142y<\/td>\n<td width=\"106\">40 000<\/td>\n<\/tr>\n<tr>\n<td width=\"106\"><strong>200 000,00<\/strong><\/td>\n<\/tr>\n<tr>\n<td width=\"30\">7<\/td>\n<td width=\"95\">ex 01 04 12<\/td>\n<td width=\"412\">Sta\u0142e odpady powstaj\u0105ce przy p\u0142ukaniu i oczyszczaniu kopalin inne ni\u017c wymienione w 01 04 07 i 01 04 11<\/td>\n<td width=\"106\">200 000<\/td>\n<\/tr>\n<tr>\n<td width=\"30\">8<\/td>\n<td width=\"95\">01 04 12<\/td>\n<td width=\"412\">Odpady powstaj\u0105ce przy p\u0142ukaniu i oczyszczaniu kopalin inne ni\u017c wymienione w 01 04 07 i 01 04 11<\/td>\n<td width=\"106\"><strong>800 000,00<\/strong><\/td>\n<\/tr>\n<tr>\n<td width=\"30\">9<\/td>\n<td width=\"95\">01 04 13<\/td>\n<td width=\"412\">Odpady powstaj\u0105ce przy ci\u0119ciu i obr\u00f3bce postaciowej ska\u0142 inne ni\u017c wymienione w 01 04 07<\/td>\n<td width=\"106\">40 000<\/td>\n<\/tr>\n<tr>\n<td width=\"30\">10<\/td>\n<td width=\"95\">01 04 81<\/td>\n<td width=\"412\">Odpady z flotacyjnego wzbogacania w\u0119gla inne ni\u017c wymienione w 01 04 80<\/td>\n<td width=\"106\">40 000<\/td>\n<\/tr>\n<tr>\n<td width=\"30\">11<\/td>\n<td width=\"95\">ex 02 03 01<\/td>\n<td width=\"412\">Ziemia sucha, ziemia mokra, w tym kamienie<\/td>\n<td width=\"106\">40 000<\/td>\n<\/tr>\n<tr>\n<td width=\"30\">12<\/td>\n<td width=\"95\">10 01 01<\/td>\n<td width=\"412\">\u017bu\u017cle, popio\u0142y paleniskowe i py\u0142y z kot\u0142\u00f3w (z wy\u0142\u0105czeniem py\u0142\u00f3w z kot\u0142\u00f3w wymienionych w 10 01 04)<\/td>\n<td width=\"106\"><strong>200 000,00<\/strong><\/td>\n<\/tr>\n<tr>\n<td width=\"30\">13<\/td>\n<td width=\"95\">10 01 24<\/td>\n<td width=\"412\">Piaski ze z\u0142\u00f3\u017c fluidalnych (z wy\u0142\u0105czeniem 10 01 82)<\/td>\n<td width=\"106\"><strong>200 000,00<\/strong><\/td>\n<\/tr>\n<tr>\n<td width=\"30\">14<\/td>\n<td width=\"95\">ex 10 01 17<\/td>\n<td width=\"412\">Popio\u0142y lotne ze wsp\u00f3\u0142spalania w\u0119gla z biomas\u0105-niepochodz\u0105ce z palenisk fluidalnych<\/td>\n<td width=\"106\">40 000<\/td>\n<\/tr>\n<tr>\n<td width=\"30\">15<\/td>\n<td width=\"95\">10 01 80<\/td>\n<td width=\"412\">Mieszanki popio\u0142owo-\u017cu\u017clowe z mokrego odprowadzania odpad\u00f3w paleniskowych<\/td>\n<td width=\"106\"><strong>200 000,00<\/strong><\/td>\n<\/tr>\n<tr>\n<td width=\"30\">16<\/td>\n<td width=\"95\">10 05 80<\/td>\n<td width=\"412\">\u017bu\u017cle granulowane z piec\u00f3w szybowych oraz \u017cu\u017cle z piec\u00f3w obrotowych<\/td>\n<td width=\"106\">100 000<\/td>\n<\/tr>\n<tr>\n<td width=\"30\">17<\/td>\n<td width=\"95\">10 06 80<\/td>\n<td width=\"412\">\u017bu\u017cle szybowe i granulowane<\/td>\n<td width=\"106\">40 000<\/td>\n<\/tr>\n<tr>\n<td width=\"30\">18<\/td>\n<td width=\"95\">10 09 03<\/td>\n<td width=\"412\">\u017bu\u017cle odlewnicze<\/td>\n<td width=\"106\">40 000<\/td>\n<\/tr>\n<tr>\n<td width=\"30\">19<\/td>\n<td width=\"95\">10 09 06<\/td>\n<td width=\"412\">Rdzenie i formy odlewnicze przed procesem odlewania inne ni\u017c wymienione w 10 09 05<\/td>\n<td width=\"106\">40 000<\/td>\n<\/tr>\n<tr>\n<td width=\"30\">20<\/td>\n<td width=\"95\">10 09 08<\/td>\n<td width=\"412\">Rdzenie i formy odlewnicze po procesie odlewania inne ni\u017c wymienione w 10 09 07<\/td>\n<td width=\"106\">40 000<\/td>\n<\/tr>\n<tr>\n<td width=\"30\">21<\/td>\n<td width=\"95\">10 09 10<\/td>\n<td width=\"412\">Py\u0142y z gaz\u00f3w odlotowych inne ni\u017c wymienione w 10 09 09<\/td>\n<td width=\"106\">40 000<\/td>\n<\/tr>\n<tr>\n<td width=\"30\">22<\/td>\n<td width=\"95\">10 10 06<\/td>\n<td width=\"412\">Rdzenie i formy odlewnicze po procesie odlewania inne ni\u017c wymienione w 10 10 05<\/td>\n<td width=\"106\">40 000<\/td>\n<\/tr>\n<tr>\n<td width=\"30\">23<\/td>\n<td width=\"95\">10 10 08<\/td>\n<td width=\"412\">Rdzenie i formy odlewnicze po procesie odlewania inne ni\u017c wymienione w 10 10 07<\/td>\n<td width=\"106\">40 000<\/td>\n<\/tr>\n<tr>\n<td width=\"30\">24<\/td>\n<td width=\"95\">10 10 10<\/td>\n<td width=\"412\">Py\u0142y z gaz\u00f3w odlotowych inne ni\u017c wymienione w 10 10 09<\/td>\n<td width=\"106\">40 000<\/td>\n<\/tr>\n<tr>\n<td width=\"30\">25<\/td>\n<td width=\"95\">10 12 01<\/td>\n<td width=\"412\">Odpady z przygotowania mas wsadowych do obr\u00f3bki termicznej<\/td>\n<td width=\"106\">40 000<\/td>\n<\/tr>\n<tr>\n<td width=\"30\">26<\/td>\n<td width=\"95\">10 12 03<\/td>\n<td width=\"412\">Cz\u0105stki i py\u0142y<\/td>\n<td width=\"106\">40 000<\/td>\n<\/tr>\n<tr>\n<td width=\"30\">27<\/td>\n<td width=\"95\">10 12 06<\/td>\n<td width=\"412\">Zu\u017cyte formy<\/td>\n<td width=\"106\">40 000<\/td>\n<\/tr>\n<tr>\n<td width=\"30\">28<\/td>\n<td width=\"95\">10 12 08<\/td>\n<td width=\"412\">Wybrakowane wyroby ceramiczne, ceg\u0142y, kafle i ceramika budowlana (po przer\u00f3bce termicznej)<\/td>\n<td width=\"106\">40 000<\/td>\n<\/tr>\n<tr>\n<td width=\"30\">29<\/td>\n<td width=\"95\">16 11 04<\/td>\n<td width=\"412\">Ok\u0142adziny piecowe i materia\u0142y ogniotrwa\u0142e z proces\u00f3w metalurgicznych inne ni\u017c wymienione w 16 11 03<\/td>\n<td width=\"106\">40 000<\/td>\n<\/tr>\n<tr>\n<td rowspan=\"2\" width=\"30\">30<\/td>\n<td rowspan=\"2\" width=\"95\">17 01 01<\/td>\n<td rowspan=\"2\" width=\"412\">Odpady betonu oraz gruz betonowy z rozbi\u00f3rek i remont\u00f3w<\/td>\n<td width=\"106\">200 000<\/td>\n<\/tr>\n<tr>\n<td width=\"106\"><strong>200 000,00<\/strong><\/td>\n<\/tr>\n<tr>\n<td rowspan=\"2\" width=\"30\">31<\/td>\n<td rowspan=\"2\" width=\"95\">17 01 02<\/td>\n<td rowspan=\"2\" width=\"412\">Gruz ceglany<\/td>\n<td width=\"106\">40 000<\/td>\n<\/tr>\n<tr>\n<td width=\"106\"><strong>200 000,00<\/strong><\/td>\n<\/tr>\n<tr>\n<td width=\"30\">32<\/td>\n<td width=\"95\">17 01 03<\/td>\n<td width=\"412\">Odpady innych materia\u0142\u00f3w ceramicznych i element\u00f3w wyposa\u017cenia<\/td>\n<td width=\"106\"><strong>200 000,00<\/strong><\/td>\n<\/tr>\n<tr>\n<td width=\"30\">33<\/td>\n<td width=\"95\">ex 17 01 03<\/td>\n<td width=\"412\">Odpady innych materia\u0142\u00f3w ceramicznych i element\u00f3w wyposa\u017cenia (wykonane z ceramiki)<\/td>\n<td width=\"106\">40 000<\/td>\n<\/tr>\n<tr>\n<td width=\"30\">34<\/td>\n<td width=\"95\">17 01 07<\/td>\n<td width=\"412\">Zmieszane odpady z betonu, gruzu ceglanego, odpadowych materia\u0142\u00f3w ceramicznych i element\u00f3w wyposa\u017cenia inne ni\u017c wymienione w 17 01 06<\/td>\n<td width=\"106\"><strong>300 000,00<\/strong><\/td>\n<\/tr>\n<tr>\n<td width=\"30\">35<\/td>\n<td width=\"95\">ex 17 01 07<\/td>\n<td width=\"412\">Zmieszane odpady z betonu, gruzu ceglanego, odpadowych materia\u0142\u00f3w ceramicznych i element\u00f3w wyposa\u017cenia inne ni\u017c wymienione w 17 01 06<\/td>\n<td width=\"106\">40 000<\/td>\n<\/tr>\n<tr>\n<td width=\"30\">36<\/td>\n<td width=\"95\">ex 17 01 80<\/td>\n<td width=\"412\">Usuni\u0119te tynki, tapety, okleiny itp. niezawieraj\u0105ce element\u00f3w palnych<\/td>\n<td width=\"106\"><strong>100 000,00<\/strong><\/td>\n<\/tr>\n<tr>\n<td width=\"30\">37<\/td>\n<td width=\"95\">17 01 81<\/td>\n<td width=\"412\">Odpady z remont\u00f3w i przebudowy dr\u00f3g<\/td>\n<td width=\"106\"><strong>200 000,00<\/strong><\/td>\n<\/tr>\n<tr>\n<td width=\"30\">38<\/td>\n<td width=\"95\">17 03 02<\/td>\n<td width=\"412\">Mieszanki bitumiczne inne ni\u017c wymienione w 17 03 01<\/td>\n<td width=\"106\"><strong>200 000,00<\/strong><\/td>\n<\/tr>\n<tr>\n<td rowspan=\"2\" width=\"30\">39<\/td>\n<td rowspan=\"2\" width=\"95\">17 05 04<\/td>\n<td rowspan=\"2\" width=\"412\">Gleba i ziemia, w tym kamienie, inne ni\u017c wymienione w 17 05 03<\/td>\n<td width=\"106\">400 000<\/td>\n<\/tr>\n<tr>\n<td width=\"106\"><strong>300 000,00<\/strong><\/td>\n<\/tr>\n<tr>\n<td rowspan=\"2\" width=\"30\">40<\/td>\n<td rowspan=\"2\" width=\"95\">17 05 08<\/td>\n<td rowspan=\"2\" width=\"412\">T\u0142ucze\u0144 torowy (kruszywo) inny ni\u017c wymieniony w 17 05 07<\/td>\n<td width=\"106\">40 000<\/td>\n<\/tr>\n<tr>\n<td width=\"106\"><strong>200 000,00<\/strong><\/td>\n<\/tr>\n<tr>\n<td width=\"30\">41<\/td>\n<td width=\"95\">ex 17 09 04<\/td>\n<td width=\"412\">Zmieszane odpady z budowy, remont\u00f3w i demonta\u017cu inne ni\u017c wymienione w 17 09 01, 17 09 02 i 17 09 03 niezawieraj\u0105ce element\u00f3w palnych<\/td>\n<td width=\"106\"><strong>200 000,00<\/strong><\/td>\n<\/tr>\n<tr>\n<td width=\"30\">42<\/td>\n<td width=\"95\">19 01 12<\/td>\n<td width=\"412\">\u017bu\u017cle i popio\u0142y paleniskowe inne ni\u017c wymienione w 19 01 11<\/td>\n<td width=\"106\"><strong>100 000,00<\/strong><\/td>\n<\/tr>\n<tr>\n<td width=\"30\">43<\/td>\n<td width=\"95\">ex 19 12 09<\/td>\n<td width=\"412\">Minera\u0142y (np. piasek, kamienie) inne ni\u017c pochodz\u0105ce z przetwarzania odpad\u00f3w komunalnych<\/td>\n<td width=\"106\">40 000<\/td>\n<\/tr>\n<tr>\n<td rowspan=\"2\" width=\"30\">44<\/td>\n<td rowspan=\"2\" width=\"95\">20 02 02<\/td>\n<td rowspan=\"2\" width=\"412\">Gleba i ziemia, w tym kamienie<\/td>\n<td width=\"106\">200 000<\/td>\n<\/tr>\n<tr>\n<td width=\"106\"><strong>200 000,00<\/strong><\/td>\n<\/tr>\n<\/tbody>\n<\/table>\n<p>&nbsp;<\/p>\n<p>Pogrubione ilo\u015bci dotycz\u0105 przetwarzania w instalacji[\/vc_column_text][\/vc_column][\/vc_row]<\/p>\n","protected":false},"excerpt":{"rendered":"<p>[vc_row row_btt_skin=&#8221;light&#8221; row_background_text_position=&#8221;front&#8221;][vc_column][vc_column_text] UTYLIZACJA ODPAD\u00d3W [\/vc_column_text][\/vc_column][\/vc_row][vc_row row_btt_skin=&#8221;light&#8221; row_background_text_position=&#8221;front&#8221;][vc_column][vc_empty_space][vc_column_text]Utylizujemy odpady z rozbi\u00f3rek i remont\u00f3w obiekt\u00f3w. Oferujemy gospodark\u0119 odpadami z wydobywania kopalni, jak i powstaj\u0105ce przy ich p\u0142ukaniu i oczyszczaniu. Przyjmujemy odpady niebezpieczne, jak r\u00f3wnie\u017c ziemi\u0119 z wykop\u00f3w. Posiadamy stosowne dokumenty zezwalaj\u0105ce&hellip; <a class=\"continue\" href=\"https:\/\/transbud-wulkan.pl\/index.php\/utylizacja-odpadow\/\">Continue Reading<span> Utylizacja odpad\u00f3w<\/span><\/a><\/p>\n","protected":false},"author":2,"featured_media":0,"parent":0,"menu_order":0,"comment_status":"closed","ping_status":"closed","template":"","meta":{"footnotes":""},"class_list":["post-7023","page","type-page","status-publish","hentry"],"_links":{"self":[{"href":"https:\/\/transbud-wulkan.pl\/index.php\/wp-json\/wp\/v2\/pages\/7023","targetHints":{"allow":["GET"]}}],"collection":[{"href":"https:\/\/transbud-wulkan.pl\/index.php\/wp-json\/wp\/v2\/pages"}],"about":[{"href":"https:\/\/transbud-wulkan.pl\/index.php\/wp-json\/wp\/v2\/types\/page"}],"author":[{"embeddable":true,"href":"https:\/\/transbud-wulkan.pl\/index.php\/wp-json\/wp\/v2\/users\/2"}],"replies":[{"embeddable":true,"href":"https:\/\/transbud-wulkan.pl\/index.php\/wp-json\/wp\/v2\/comments?post=7023"}],"version-history":[{"count":16,"href":"https:\/\/transbud-wulkan.pl\/index.php\/wp-json\/wp\/v2\/pages\/7023\/revisions"}],"predecessor-version":[{"id":7507,"href":"https:\/\/transbud-wulkan.pl\/index.php\/wp-json\/wp\/v2\/pages\/7023\/revisions\/7507"}],"wp:attachment":[{"href":"https:\/\/transbud-wulkan.pl\/index.php\/wp-json\/wp\/v2\/media?parent=7023"}],"curies":[{"name":"wp","href":"https:\/\/api.w.org\/{rel}","templated":true}]}}